{"id":17,"date":"2014-03-10T15:33:30","date_gmt":"2014-03-10T15:33:30","guid":{"rendered":"http:\/\/localhost\/domoconzept2_db\/?page_id=17"},"modified":"2015-07-18T15:41:08","modified_gmt":"2015-07-18T15:41:08","slug":"mietverwaltung","status":"publish","type":"page","link":"https:\/\/www.domoconzept.de\/?page_id=17","title":{"rendered":"Mietverwaltung"},"content":{"rendered":"<p style=\"text-align: justify;\">Unser Bestreben ist es, Sie von Ihren Aufgaben als Hauseigent\u00fcmer vollst\u00e4ndig zu entlasten. Zu unserer Objektverwaltung geh\u00f6rt eine Vielzahl von Aufgaben, die Sie als Vermieter zu erledigen haben, von der allgemeinen Betreuung Ihrer Immobilie \u00fcber die kaufm\u00e4nnische Verwaltung bis hin zur Abwicklung technischer Verwaltungst\u00e4tigkeiten.<\/p>\n<p style=\"text-align: justify;\">Zur <strong>allgemeinen Betreuung<\/strong> geh\u00f6rt alles, was mit der Vertretung des Eigent\u00fcmers gegen\u00fcber Dritten zusammenh\u00e4ngt, die schriftliche und pers\u00f6nliche Korrespondenz mit Mietern und P\u00e4chtern, der Neuabschluss und die K\u00fcndigung von Miet- und Pachtvertr\u00e4gen, Wohnungs\u00fcbergaben und -abnahmen, Beauftragung und \u00dcberwachung von Hausmeisterdiensten und Reinigungskr\u00e4ften. Nicht zuletzt ist die regelm\u00e4\u00dfige Information des Eigent\u00fcmers \u00fcber die aktuelle wirtschaftliche Situation des Objektes f\u00fcr uns selbstverst\u00e4ndlich.<\/p>\n<p style=\"text-align: justify;\">Weiterhin ist die <strong>kaufm\u00e4nnische Verwaltung<\/strong> ein wesentlicher Teil der von uns zu leistenden Aufgaben. Die Verwaltung Ihres Geldes \u00fcber ein eigens f\u00fcr Ihre Immobilie gef\u00fchrtes Bankkonto, das Einziehen und Verbuchen der Mietzahlungen, die Zahlungs\u00fcberwachung inklusive Mahnwesen, die Rechtsverfolgung s\u00e4umiger Mieter, der Zahlungsverkehr f\u00fcr die Betriebs- und sonstigen Nebenkosten mit Lieferanten, Kommunen, Energieversorgungsunternehmen etc., die Rechnungspr\u00fcfung sowie die Erfassung aller Einnahmen und Ausgaben nach den Grunds\u00e4tzen einer ordnungsgem\u00e4\u00dfen Buchf\u00fchrung geh\u00f6ren mithin zu den wichtigsten und von uns mit gr\u00f6\u00dfter Sorgfalt zu erledigenden Leistungen. Selbstverst\u00e4ndlich \u00fcbernehmen wir auch die Erstellung der Betriebskostenabrechnungen f\u00fcr die Mieter und verwalten die vereinbarten Mietkautionen unter den gesetzlichen Bestimmungen.<\/p>\n<p style=\"text-align: justify;\">Unter dem Bereich der <strong>technischen Verwaltung<\/strong> veranlassen wir s\u00e4mtliche notwendige Instandhaltungen und Reparaturen, erledigen die Angebotsbeschaffung \u00a0und beraten Sie gern bei Modernisierungs- und Energiesparma\u00dfnahmen. Wir k\u00fcmmern uns um den Abschluss aller f\u00fcr Ihre Immobilie notwendigen Wartungsvertr\u00e4ge, lassen Energieausweise erstellen und vermitteln Ihnen\u00a0 gerne professionelle Handwerkerunternehmen, die Sie bei der Wertverbesserung Ihres Eigentums unterst\u00fctzen. Dar\u00fcber hinaus bieten wir selbst Renovierungsarbeiten an.<\/p>\n","protected":false},"excerpt":{"rendered":"<p>Unser Bestreben ist es, Sie von Ihren Aufgaben als Hauseigent\u00fcmer vollst\u00e4ndig zu entlasten. Zu unserer Objektverwaltung geh\u00f6rt eine Vielzahl von Aufgaben, die Sie als Vermieter zu erledigen haben, von der &#8230;<\/p>\n","protected":false},"author":1,"featured_media":12,"parent":26,"menu_order":0,"comment_status":"closed","ping_status":"closed","template":"onecolumn-page.php","meta":[],"_links":{"self":[{"href":"https:\/\/www.domoconzept.de\/index.php?rest_route=\/wp\/v2\/pages\/17"}],"collection":[{"href":"https:\/\/www.domoconzept.de\/index.php?rest_route=\/wp\/v2\/pages"}],"about":[{"href":"https:\/\/www.domoconzept.de\/index.php?rest_route=\/wp\/v2\/types\/page"}],"author":[{"embeddable":true,"href":"https:\/\/www.domoconzept.de\/index.php?rest_route=\/wp\/v2\/users\/1"}],"replies":[{"embeddable":true,"href":"https:\/\/www.domoconzept.de\/index.php?rest_route=%2Fwp%2Fv2%2Fcomments&post=17"}],"version-history":[{"count":12,"href":"https:\/\/www.domoconzept.de\/index.php?rest_route=\/wp\/v2\/pages\/17\/revisions"}],"predecessor-version":[{"id":314,"href":"https:\/\/www.domoconzept.de\/index.php?rest_route=\/wp\/v2\/pages\/17\/revisions\/314"}],"up":[{"embeddable":true,"href":"https:\/\/www.domoconzept.de\/index.php?rest_route=\/wp\/v2\/pages\/26"}],"wp:featuredmedia":[{"embeddable":true,"href":"https:\/\/www.domoconzept.de\/index.php?rest_route=\/wp\/v2\/media\/12"}],"wp:attachment":[{"href":"https:\/\/www.domoconzept.de\/index.php?rest_route=%2Fwp%2Fv2%2Fmedia&parent=17"}],"curies":[{"name":"wp","href":"https:\/\/api.w.org\/{rel}","templated":true}]}}