{"id":239,"date":"2014-03-20T08:46:21","date_gmt":"2014-03-20T08:46:21","guid":{"rendered":"http:\/\/www.domoconzept.de\/?page_id=239"},"modified":"2020-03-20T13:42:51","modified_gmt":"2020-03-20T12:42:51","slug":"renovierungsarbeiten","status":"publish","type":"page","link":"https:\/\/www.domoconzept.de\/?page_id=239","title":{"rendered":"Renovierungsarbeiten"},"content":{"rendered":"<p style=\"text-align: justify;\">Der Trockenbau bietet eine vielf\u00e4ltige und innovative Einsatzm\u00f6glichkeit.<\/p>\n<p style=\"text-align: justify;\">Mit dem bew\u00e4hrten Baustoff \u2013Gips- k\u00f6nnen moderne und flexible L\u00f6sungen gestaltet werden. Das Besondere ist, dass sich im Trockenbau fast unbegrenzte M\u00f6glichkeiten der individuellen Gestaltungsm\u00f6glichkeit ergeben.<\/p>\n<p style=\"text-align: justify;\">Mit leichten Decken-, Trennwand- und Trockenunterbausystemen k\u00f6nnen Ausbau, Umbau, Renovierung und Sanierung schnell und wirtschaftlich durchgef\u00fchrt werden.<\/p>\n<p style=\"text-align: justify;\">Ver\u00e4nderungen an Wohnraumanforderungen lassen sich unter Ber\u00fccksichtigung von Schall- und W\u00e4rmeschutz mit geringem Zeitaufwand realisieren.<br \/>Ebenso erm\u00f6glichen spezielle Gipsplatten an Decken oder W\u00e4nden sowie im Nassbereich, Gestaltungsspielraum f\u00fcr Beleuchtung.<\/p>\n<p style=\"text-align: justify;\"><span style=\"font-size: medium;\"><strong><br \/><span style=\"font-family: georgia,palatino;\">Leistungen\u00a0<\/span><\/strong><\/span><\/p>\n<p style=\"text-align: justify; padding-left: 40px;\"><span style=\"font-size: medium; color: #999999;\"><strong><span style=\"font-family: georgia,palatino;\">Trockenbau<\/span><\/strong><\/span><\/p>\n<blockquote>\n<ul>\n<li>Aufstellen des St\u00e4nderwerkes<\/li>\n<li>Decken abh\u00e4ngen<\/li>\n<li>Einbau von Zargen in zu stellende Trockenbauw\u00e4nde<\/li>\n<li>Verspachteln der gestellten Trockenbauw\u00e4nde\/decken<\/li>\n<\/ul>\n<\/blockquote>\n<p style=\"padding-left: 30px; text-align: left;\"><span style=\"font-family: helvetica; font-size: medium; color: #c0c0c0;\"><strong><span style=\"color: #999999; font-family: georgia,palatino;\">Fu\u00dfbodenverlegung<\/span><\/strong><\/span><\/p>\n<blockquote>\n<p>\u00a0<\/p>\n<ul style=\"text-align: justify;\">\n<li><em>Laminat<\/em><\/li>\n<\/ul>\n<\/blockquote>\n<p style=\"text-align: justify; padding-left: 30px;\"><span style=\"font-family: georgia,palatino; font-size: medium;\"><strong><span style=\"color: #999999;\">Einbau genormter Baufertigteile<\/span><\/strong><\/span><\/p>\n<blockquote>\n<p>\u00a0<\/p>\n<ul style=\"text-align: justify;\">\n<li><em>Einbau von Zargen<\/em><\/li>\n<li><em>Einbau von T\u00fcren<\/em><\/li>\n<li><em>Einbau von Fenster<\/em><\/li>\n<\/ul>\n<\/blockquote>\n\n\n<p>Diese und weitere Leistungen sowie den Service rund ums Haus k\u00f6nnen Sie auf der Internetseite der <a href=\"http:\/\/www.domoconzept-facility.de\" target=\"_blank\" rel=\"noreferrer noopener\" aria-label=\"Domoconzept Facility und Innenausbau GmbH (opens in a new tab)\">Domoconzept Facility und Innenausbau GmbH<\/a> finden. <\/p>\n","protected":false},"excerpt":{"rendered":"<p>Der Trockenbau bietet eine vielf\u00e4ltige und innovative Einsatzm\u00f6glichkeit. Mit dem bew\u00e4hrten Baustoff \u2013Gips- k\u00f6nnen moderne und flexible L\u00f6sungen gestaltet werden. Das Besondere ist, dass sich im Trockenbau fast unbegrenzte M\u00f6glichkeiten &#8230;<\/p>\n","protected":false},"author":1,"featured_media":614,"parent":233,"menu_order":0,"comment_status":"closed","ping_status":"closed","template":"","meta":[],"_links":{"self":[{"href":"https:\/\/www.domoconzept.de\/index.php?rest_route=\/wp\/v2\/pages\/239"}],"collection":[{"href":"https:\/\/www.domoconzept.de\/index.php?rest_route=\/wp\/v2\/pages"}],"about":[{"href":"https:\/\/www.domoconzept.de\/index.php?rest_route=\/wp\/v2\/types\/page"}],"author":[{"embeddable":true,"href":"https:\/\/www.domoconzept.de\/index.php?rest_route=\/wp\/v2\/users\/1"}],"replies":[{"embeddable":true,"href":"https:\/\/www.domoconzept.de\/index.php?rest_route=%2Fwp%2Fv2%2Fcomments&post=239"}],"version-history":[{"count":17,"href":"https:\/\/www.domoconzept.de\/index.php?rest_route=\/wp\/v2\/pages\/239\/revisions"}],"predecessor-version":[{"id":966,"href":"https:\/\/www.domoconzept.de\/index.php?rest_route=\/wp\/v2\/pages\/239\/revisions\/966"}],"up":[{"embeddable":true,"href":"https:\/\/www.domoconzept.de\/index.php?rest_route=\/wp\/v2\/pages\/233"}],"wp:featuredmedia":[{"embeddable":true,"href":"https:\/\/www.domoconzept.de\/index.php?rest_route=\/wp\/v2\/media\/614"}],"wp:attachment":[{"href":"https:\/\/www.domoconzept.de\/index.php?rest_route=%2Fwp%2Fv2%2Fmedia&parent=239"}],"curies":[{"name":"wp","href":"https:\/\/api.w.org\/{rel}","templated":true}]}}