{"id":241,"date":"2014-03-20T09:23:10","date_gmt":"2014-03-20T09:23:10","guid":{"rendered":"http:\/\/www.domoconzept.de\/?page_id=241"},"modified":"2014-03-27T14:54:02","modified_gmt":"2014-03-27T14:54:02","slug":"versicherungsschutz","status":"publish","type":"page","link":"https:\/\/www.domoconzept.de\/?page_id=241","title":{"rendered":"Versicherungsschutz"},"content":{"rendered":"<p style=\"text-align: justify;\"><span style=\"font-family: georgia,palatino; font-size: medium; color: #333333;\"><strong>Versicherungsschutz f\u00fcr Haus- und Wohnungseigent\u00fcmer<\/strong><\/span><\/p>\n<p style=\"text-align: justify;\">Als Eigent\u00fcmer einer vermieteten Eigentumswohnung oder eines vermieteten Hauses sollte man sich grunds\u00e4tzlich vielf\u00e4ltig und gut absichern. Nachfolgend geben wir Ihnen einen \u00dcberblick \u00fcber die aus unserer Sicht empfehlenswerten Versicherungsarten:<\/p>\n<p style=\"text-align: justify;\">Die Wohngeb\u00e4udeversicherung sowie die Grundbesitzerhaftpflichtversicherung sind die in der Immobilienbranche \u00fcblichen und allgemein bekanntesten Versicherungen, die in der Regel \u00fcber die Hausverwaltung abgeschlossen werden.<\/p>\n<ul style=\"text-align: justify;\">\n<li>Die <strong>Wohngeb\u00e4udeversicherung<\/strong> dient der Absicherung des Geb\u00e4udes bei Feuer, Leitungswasser oder Sturm und kann vielf\u00e4ltig variiert und erweitert werden (z. B. mit einer Elementarschadenversicherung gegen \u00dcberschwemmung). Der Sturm \u201eKyrill\u201c beispielsweise verursachte im Januar 2007 bundesweit gewaltige Sch\u00e4den. Bei kreditfinanzierten Geb\u00e4uden verlangen Banken h\u00e4ufig den obligatorischen Abschluss einer Geb\u00e4udeversicherung.<\/li>\n<\/ul>\n<ul style=\"text-align: justify;\">\n<li>Sch\u00e4den, die Dritten z. B. infolge umgest\u00fcrzter B\u00e4ume auf dem Grundst\u00fcck, eines Wasserrohrbruchs oder herunterfallender Dachziegel entstehen, werden durch eine <strong>Haftpflichtversicherung f\u00fcr Grundst\u00fcckseigent\u00fcmer<\/strong> abgesichert. Au\u00dferdem deckt die Haftpflichtversicherung solche Sch\u00e4den ab, die aufgrund einer Pflichtverletzung des Hauseigent\u00fcmers entstehen (z. B. Unf\u00e4lle durch nicht ordnungsgem\u00e4\u00df durchgef\u00fchrten Winterdienst oder fehlender Beleuchtung).<\/li>\n<\/ul>\n<p style=\"text-align: justify;\">Wenn ein Geb\u00e4ude durch eine \u00d6lheizung betrieben wird, befindet sich meist auch ein \u00d6ltank im Haus bzw. auf dem Grundst\u00fcck. In diesem Fall ist der Abschluss einer <strong>Gew\u00e4sserschadenhaftpflichtversicherung<\/strong> von immenser Bedeutung, denn insbesondere bei \u00d6laustritt und Verseuchung des Grundwassers kann es f\u00fcr den Hauseigent\u00fcmer ohne Versicherung sehr teuer werden.<\/p>\n<p style=\"text-align: justify;\">Auch gegen Mietausfall infolge von Mietminderungen, Zahlungsunwilligkeit oder gar Zahlungsunf\u00e4higkeit des Mieters kann man sich als Eigent\u00fcmer entsprechend absichern. Wenn man sicher gehen will, dass trotz Mietausfalls die Kredite weiter abbezahlt werden oder die Ersparnisse f\u00fcr die Rente weiter wachsen, tritt hier die <strong>Mietausfallversicherung<\/strong> in Kraft.<\/p>\n<p style=\"text-align: justify;\">Unabh\u00e4ngig davon, ob Sie nur eine kleine Wohnung oder gar gro\u00dfe Gewerbeeinheiten vermieten, ein Rechtsstreit mit Mietern z. B. wegen Zweifeln an der Richtigkeit der Nebenkostenabrechnung, Mieterh\u00f6hungen, Problemen bei K\u00fcndigungen oder Streitigkeiten wegen Umbauarbeiten kann schnell einige tausend Euro betragen. Die <strong>Rechtsschutzversicherung f\u00fcr Vermieter<\/strong> erleichtert Ihnen als Eigent\u00fcmer die Entscheidung, Ihr Recht konsequent einzufordern.<\/p>\n","protected":false},"excerpt":{"rendered":"<p>Versicherungsschutz f\u00fcr Haus- und Wohnungseigent\u00fcmer Als Eigent\u00fcmer einer vermieteten Eigentumswohnung oder eines vermieteten Hauses sollte man sich grunds\u00e4tzlich vielf\u00e4ltig und gut absichern. Nachfolgend geben wir Ihnen einen \u00dcberblick \u00fcber die &#8230;<\/p>\n","protected":false},"author":1,"featured_media":12,"parent":233,"menu_order":0,"comment_status":"closed","ping_status":"closed","template":"onecolumn-page.php","meta":[],"_links":{"self":[{"href":"https:\/\/www.domoconzept.de\/index.php?rest_route=\/wp\/v2\/pages\/241"}],"collection":[{"href":"https:\/\/www.domoconzept.de\/index.php?rest_route=\/wp\/v2\/pages"}],"about":[{"href":"https:\/\/www.domoconzept.de\/index.php?rest_route=\/wp\/v2\/types\/page"}],"author":[{"embeddable":true,"href":"https:\/\/www.domoconzept.de\/index.php?rest_route=\/wp\/v2\/users\/1"}],"replies":[{"embeddable":true,"href":"https:\/\/www.domoconzept.de\/index.php?rest_route=%2Fwp%2Fv2%2Fcomments&post=241"}],"version-history":[{"count":9,"href":"https:\/\/www.domoconzept.de\/index.php?rest_route=\/wp\/v2\/pages\/241\/revisions"}],"predecessor-version":[{"id":338,"href":"https:\/\/www.domoconzept.de\/index.php?rest_route=\/wp\/v2\/pages\/241\/revisions\/338"}],"up":[{"embeddable":true,"href":"https:\/\/www.domoconzept.de\/index.php?rest_route=\/wp\/v2\/pages\/233"}],"wp:featuredmedia":[{"embeddable":true,"href":"https:\/\/www.domoconzept.de\/index.php?rest_route=\/wp\/v2\/media\/12"}],"wp:attachment":[{"href":"https:\/\/www.domoconzept.de\/index.php?rest_route=%2Fwp%2Fv2%2Fmedia&parent=241"}],"curies":[{"name":"wp","href":"https:\/\/api.w.org\/{rel}","templated":true}]}}