{"id":277,"date":"2014-03-20T09:27:00","date_gmt":"2014-03-20T09:27:00","guid":{"rendered":"http:\/\/www.domoconzept.de\/?page_id=277"},"modified":"2014-03-30T15:51:52","modified_gmt":"2014-03-30T15:51:52","slug":"heizen-und-luften","status":"publish","type":"page","link":"https:\/\/www.domoconzept.de\/?page_id=277","title":{"rendered":"Heizen und L\u00fcften"},"content":{"rendered":"<p style=\"text-align: justify;\"><strong><span style=\"color: #333333; font-family: georgia,palatino; font-size: medium;\">Richtig Heizen und L\u00fcften &#8211; so sparen Sie Geld!<\/span><\/strong><\/p>\n<p style=\"padding-left: 30px; text-align: justify;\"><strong><span style=\"font-family: georgia,palatino; font-size: medium; color: #808080;\">Sparen Sie Energie und Geld mit Richtigem Heizen und L\u00fcften:<\/span><\/strong><\/p>\n<p style=\"padding-left: 60px; text-align: justify;\">Sparen Sie Heizenergie und Heizkosten, indem Sie die Raumtemperatur mit dem Thermostatventil auf das Wohlf\u00fchl-Minimum herabsenken. Bedenken Sie hierbei, dass Sie mit jedem Grad ca. 6% der Heizkosten sparen k\u00f6nnen!<\/p>\n<p style=\"padding-left: 60px; text-align: justify;\">Sorgen Sie daf\u00fcr, dass alle R\u00e4ume ausreichend und kontinuierlich beheizt werden. Denn: Werden R\u00e4ume f\u00fcr mehrere Stunden oder sogar die ganze Nacht nicht beheizt, k\u00fchlen Zimmer und Hausw\u00e4nde aus. Neues Aufw\u00e4rmen verbraucht mehr Energie als regelm\u00e4\u00dfiges Heizen. Die Raumtemperatur von 18\u00b0C sollte allerdings nicht unterschritten werden.<\/p>\n<p style=\"padding-left: 30px; text-align: justify;\"><strong><span style=\"font-family: georgia,palatino; font-size: medium; color: #808080;\">Sto\u00dfl\u00fcften ist Schneller und Effektiver:<\/span><\/strong><\/p>\n<p style=\"padding-left: 60px; text-align: justify;\">Durch \u201eSto\u00dfl\u00fcften\u201c bei sperrangelweit ge\u00f6ffnetem Fenster sparen Sie Energie,\u00a0 da die verbrauchte, feuchte Luft durch trockene Frischluft schon innerhalb von 5-10 Minuten ersetzt wird.<\/p>\n<p style=\"padding-left: 60px; text-align: justify;\">Haben Sie keine Bedenken hinsichtlich eines eventuellen Energieverlustes: Die ausgetauschte Luft heizt die W\u00e4nde und M\u00f6bel der Wohnung sehr rasch wieder auf. Dauerl\u00fcftung mit gekippten Fenstern verursacht mehr Kosten und sorgt nicht unbedingt f\u00fcr die Wohlf\u00fchltemperatur.<\/p>\n<p style=\"padding-left: 60px; text-align: justify;\"><span style=\"color: #ffffff;\">&#8211;<\/span><\/p>\n<p style=\"text-align: justify;\"><strong><span style=\"font-family: georgia,palatino; font-size: medium; color: #333333;\">Die NEUN goldenen Regeln des Heizens und L\u00fcftens<\/span><\/strong><\/p>\n<p style=\"padding-left: 30px; text-align: justify;\"><strong><span style=\"font-family: georgia,palatino; font-size: medium; color: #808080;\">Heizen Sie alle R\u00e4ume ausreichend!<\/span><\/strong> Um keine Feuchtigkeitssch\u00e4den zu verursachen, darf die Temperatur der W\u00e4nde, Fenster, Decken, Fu\u00dfb\u00f6den etwa 16\u00b0C nicht unterschreiten.<\/p>\n<p style=\"padding-left: 30px; text-align: justify;\"><strong><span style=\"font-family: georgia,palatino; font-size: medium; color: #808080;\">Trocknen Sie nach M\u00f6glichkeit keine W\u00e4sche in der Wohnung.<\/span><\/strong> Die Luftfeuchtigkeit wird dadurch so stark erh\u00f6ht, dass Feuchtigkeitssch\u00e4den entstehen k\u00f6nnen.<\/p>\n<p style=\"padding-left: 30px; text-align: justify;\"><strong><span style=\"font-family: georgia,palatino; font-size: medium; color: #808080;\">Lassen Sie Ihr Fenster im Winter nicht auf Kippstellung.<\/span><\/strong> Diese f\u00fchrt zu einem hohen Energie- und W\u00e4rmeverlust.<\/p>\n<p style=\"padding-left: 30px; text-align: justify;\"><strong><span style=\"font-family: georgia,palatino; font-size: medium; color: #808080;\">L\u00fcften Sie ausreichend.<\/span><\/strong> Der Austausch von Luft ersetzt nicht nur verbrauchte Luft, sondern f\u00fchrt auch die Feuchtigkeit ab, die wir st\u00e4ndig durch Atmen, Duschen, W\u00e4schewaschen oder Kochen erzeugen.<\/p>\n<p style=\"padding-left: 30px; text-align: justify;\"><strong><span style=\"font-family: georgia,palatino; font-size: medium; color: #808080;\">L\u00fcften Sie direkt nach dem Duschen oder Kochen die entsprechenden R\u00e4ume.<\/span><\/strong><\/p>\n<p style=\"padding-left: 30px; text-align: justify;\"><strong><span style=\"font-family: georgia,palatino; font-size: medium; color: #808080;\">Sorgen Sie \u00fcberall f\u00fcr eine ausreichende Luftzirkulation.<\/span><\/strong> M\u00f6bel sollten deshalb einen gen\u00fcgenden Abstand zur Wand haben &#8211; besonders M\u00f6bel auf einem geschlossenen Sockel.<\/p>\n<p style=\"padding-left: 30px; text-align: justify;\"><strong><span style=\"font-family: georgia,palatino; font-size: medium; color: #808080;\">Achten Sie darauf, dass Ihre Heizk\u00f6rper nicht durch Vorh\u00e4nge verdeckt werden und keine M\u00f6bel davor stehen.<\/span><\/strong> Dies verschwendet nur unn\u00f6tig Energie!<\/p>\n<p style=\"padding-left: 30px; text-align: justify;\"><strong><span style=\"font-family: georgia,palatino; font-size: medium; color: #808080;\">L\u00fcften Sie energiebewusst und kurz.<\/span><\/strong> \u00d6ffnen Sie nur f\u00fcr etwa f\u00fcnf bis zehn Minuten die Fenster und T\u00fcren und \u201emachen Durchzug\u201c.<\/p>\n<p style=\"padding-left: 30px; text-align: justify;\"><strong><span style=\"font-family: georgia,palatino; font-size: medium; color: #808080;\">Schlie\u00dfen Sie die T\u00fcren zu weniger beheizten R\u00e4umen.<\/span><\/strong> Heizen Sie die R\u00e4ume ruhig so, wie es f\u00fcr Sie am angenehmsten ist, aber verzichten Sie darauf, mehrere R\u00e4ume mit einem Heizk\u00f6rper zu \u201eversorgen\u201c.<\/p>\n","protected":false},"excerpt":{"rendered":"<p>Richtig Heizen und L\u00fcften &#8211; so sparen Sie Geld! Sparen Sie Energie und Geld mit Richtigem Heizen und L\u00fcften: Sparen Sie Heizenergie und Heizkosten, indem Sie die Raumtemperatur mit dem &#8230;<\/p>\n","protected":false},"author":1,"featured_media":18,"parent":244,"menu_order":0,"comment_status":"closed","ping_status":"closed","template":"onecolumn-page.php","meta":[],"_links":{"self":[{"href":"https:\/\/www.domoconzept.de\/index.php?rest_route=\/wp\/v2\/pages\/277"}],"collection":[{"href":"https:\/\/www.domoconzept.de\/index.php?rest_route=\/wp\/v2\/pages"}],"about":[{"href":"https:\/\/www.domoconzept.de\/index.php?rest_route=\/wp\/v2\/types\/page"}],"author":[{"embeddable":true,"href":"https:\/\/www.domoconzept.de\/index.php?rest_route=\/wp\/v2\/users\/1"}],"replies":[{"embeddable":true,"href":"https:\/\/www.domoconzept.de\/index.php?rest_route=%2Fwp%2Fv2%2Fcomments&post=277"}],"version-history":[{"count":9,"href":"https:\/\/www.domoconzept.de\/index.php?rest_route=\/wp\/v2\/pages\/277\/revisions"}],"predecessor-version":[{"id":784,"href":"https:\/\/www.domoconzept.de\/index.php?rest_route=\/wp\/v2\/pages\/277\/revisions\/784"}],"up":[{"embeddable":true,"href":"https:\/\/www.domoconzept.de\/index.php?rest_route=\/wp\/v2\/pages\/244"}],"wp:featuredmedia":[{"embeddable":true,"href":"https:\/\/www.domoconzept.de\/index.php?rest_route=\/wp\/v2\/media\/18"}],"wp:attachment":[{"href":"https:\/\/www.domoconzept.de\/index.php?rest_route=%2Fwp%2Fv2%2Fmedia&parent=277"}],"curies":[{"name":"wp","href":"https:\/\/api.w.org\/{rel}","templated":true}]}}