{"id":296,"date":"2014-03-20T09:30:46","date_gmt":"2014-03-20T09:30:46","guid":{"rendered":"http:\/\/www.domoconzept.de\/?page_id=296"},"modified":"2025-03-12T17:38:59","modified_gmt":"2025-03-12T16:38:59","slug":"team","status":"publish","type":"page","link":"https:\/\/www.domoconzept.de\/?page_id=296","title":{"rendered":"Team"},"content":{"rendered":"\n<div class=\"wp-block-columns\">\n<div class=\"wp-block-column\" style=\"flex-basis:100%\">\n<div class=\"wp-block-media-text alignwide is-stacked-on-mobile\" style=\"grid-template-columns:30% auto\"><figure class=\"wp-block-media-text__media\"><img loading=\"lazy\" width=\"1024\" height=\"1024\" src=\"http:\/\/www.domoconzept.de\/wp-content\/uploads\/2020\/11\/683b7d99-1024x1024.jpeg\" alt=\"\" class=\"wp-image-1014 size-full\" srcset=\"https:\/\/www.domoconzept.de\/wp-content\/uploads\/2020\/11\/683b7d99-1024x1024.jpeg 1024w, https:\/\/www.domoconzept.de\/wp-content\/uploads\/2020\/11\/683b7d99-150x150.jpeg 150w, https:\/\/www.domoconzept.de\/wp-content\/uploads\/2020\/11\/683b7d99-300x300.jpeg 300w, https:\/\/www.domoconzept.de\/wp-content\/uploads\/2020\/11\/683b7d99-768x768.jpeg 768w\" sizes=\"(max-width: 1024px) 100vw, 1024px\" \/><\/figure><div class=\"wp-block-media-text__content\">\n<p>Gesch\u00e4ftsf\u00fchrung<br><strong>Miroslaw Wisniewski<\/strong><br>Kfm. der Grundst\u00fccks- und Wohnungswirtschaft<\/p>\n<\/div><\/div>\n\n\n\n<div class=\"wp-block-media-text alignwide has-media-on-the-right is-stacked-on-mobile\" style=\"grid-template-columns:auto 30%\"><figure class=\"wp-block-media-text__media\"><img loading=\"lazy\" width=\"682\" height=\"682\" src=\"http:\/\/www.domoconzept.de\/wp-content\/uploads\/2020\/11\/Margarete-Gruschka-DSC_0037-682x1024.jpeg\" alt=\"\" class=\"wp-image-1026 size-full\" srcset=\"https:\/\/www.domoconzept.de\/wp-content\/uploads\/2020\/11\/Margarete-Gruschka-DSC_0037-682x1024.jpeg 682w, https:\/\/www.domoconzept.de\/wp-content\/uploads\/2020\/11\/Margarete-Gruschka-DSC_0037-682x1024-150x150.jpeg 150w, https:\/\/www.domoconzept.de\/wp-content\/uploads\/2020\/11\/Margarete-Gruschka-DSC_0037-682x1024-300x300.jpeg 300w\" sizes=\"(max-width: 682px) 100vw, 682px\" \/><\/figure><div class=\"wp-block-media-text__content\">\n<p class=\"has-text-align-right\"><strong>Margarete Gruschka<\/strong><br>Kffr. der Grundst\u00fccks- und Wohnungswirtschaft<br>Mietverwaltung<\/p>\n<\/div><\/div>\n\n\n\n<div class=\"wp-block-media-text alignwide is-stacked-on-mobile\" style=\"grid-template-columns:30% auto\"><figure class=\"wp-block-media-text__media\"><img loading=\"lazy\" width=\"150\" height=\"150\" src=\"https:\/\/www.domoconzept.de\/wp-content\/uploads\/2014\/03\/Julia-Willuweit-DSC_0009-150x150.jpg\" alt=\"\" class=\"wp-image-91 size-thumbnail\"\/><\/figure><div class=\"wp-block-media-text__content\">\n<p><strong>Julia Kouroumichakis<\/strong><br>Immobilienkauffrau<br>WEG-Verwaltung<\/p>\n<\/div><\/div>\n\n\n\n<div class=\"wp-block-media-text alignwide has-media-on-the-right is-stacked-on-mobile\" style=\"grid-template-columns:auto 30%\"><figure class=\"wp-block-media-text__media\"><img loading=\"lazy\" width=\"1024\" height=\"1024\" src=\"http:\/\/www.domoconzept.de\/wp-content\/uploads\/2020\/11\/DSC_0908-1024x1024.jpeg\" alt=\"\" class=\"wp-image-1018 size-full\" srcset=\"https:\/\/www.domoconzept.de\/wp-content\/uploads\/2020\/11\/DSC_0908-1024x1024.jpeg 1024w, https:\/\/www.domoconzept.de\/wp-content\/uploads\/2020\/11\/DSC_0908-150x150.jpeg 150w, https:\/\/www.domoconzept.de\/wp-content\/uploads\/2020\/11\/DSC_0908-300x300.jpeg 300w, https:\/\/www.domoconzept.de\/wp-content\/uploads\/2020\/11\/DSC_0908-768x768.jpeg 768w\" sizes=\"(max-width: 1024px) 100vw, 1024px\" \/><\/figure><div class=\"wp-block-media-text__content\">\n<p class=\"has-text-align-right\"><strong>Michael Knipping<\/strong><br>Kfm. der Grundst\u00fccks- und Wohnungswirtschaft<br>WEG-Verwaltung<\/p>\n<\/div><\/div>\n\n\n\n<div class=\"wp-block-media-text alignwide is-stacked-on-mobile\" style=\"grid-template-columns:30% auto\"><figure class=\"wp-block-media-text__media\"><img loading=\"lazy\" width=\"952\" height=\"1024\" src=\"http:\/\/www.domoconzept.de\/wp-content\/uploads\/2025\/03\/Joerg-Kupitz-952x1024.jpg\" alt=\"\" class=\"wp-image-1163 size-full\" srcset=\"https:\/\/www.domoconzept.de\/wp-content\/uploads\/2025\/03\/Joerg-Kupitz-952x1024.jpg 952w, https:\/\/www.domoconzept.de\/wp-content\/uploads\/2025\/03\/Joerg-Kupitz-279x300.jpg 279w, https:\/\/www.domoconzept.de\/wp-content\/uploads\/2025\/03\/Joerg-Kupitz-768x826.jpg 768w, https:\/\/www.domoconzept.de\/wp-content\/uploads\/2025\/03\/Joerg-Kupitz.jpg 1125w\" sizes=\"(max-width: 952px) 100vw, 952px\" \/><\/figure><div class=\"wp-block-media-text__content\">\n<p><strong>J\u00f6rg Kupitz<\/strong><br>Sachbearbeiter (Verwaltungsfachangestellter)<br>WEG-Verwaltung<\/p>\n<\/div><\/div>\n\n\n\n<div class=\"wp-block-media-text alignwide has-media-on-the-right is-stacked-on-mobile\" style=\"grid-template-columns:auto 30%\"><figure class=\"wp-block-media-text__media\"><img loading=\"lazy\" width=\"1024\" height=\"1024\" src=\"http:\/\/www.domoconzept.de\/wp-content\/uploads\/2025\/03\/Benjamin-Albrecht-1024x1024.jpg\" alt=\"\" class=\"wp-image-1162 size-full\" srcset=\"https:\/\/www.domoconzept.de\/wp-content\/uploads\/2025\/03\/Benjamin-Albrecht-1024x1024.jpg 1024w, https:\/\/www.domoconzept.de\/wp-content\/uploads\/2025\/03\/Benjamin-Albrecht-300x300.jpg 300w, https:\/\/www.domoconzept.de\/wp-content\/uploads\/2025\/03\/Benjamin-Albrecht-150x150.jpg 150w, https:\/\/www.domoconzept.de\/wp-content\/uploads\/2025\/03\/Benjamin-Albrecht-768x768.jpg 768w, https:\/\/www.domoconzept.de\/wp-content\/uploads\/2025\/03\/Benjamin-Albrecht-1536x1536.jpg 1536w, https:\/\/www.domoconzept.de\/wp-content\/uploads\/2025\/03\/Benjamin-Albrecht.jpg 2048w\" sizes=\"(max-width: 1024px) 100vw, 1024px\" \/><\/figure><div class=\"wp-block-media-text__content\">\n<p class=\"has-text-align-right\"><strong>Benjamin Albrecht\u00a0<br><\/strong>Immobilienkaufmann<br>Neuvermietung \/ Mietverwaltung<\/p>\n<\/div><\/div>\n\n\n\n<div class=\"wp-block-media-text alignwide is-stacked-on-mobile\" style=\"grid-template-columns:30% auto\"><figure class=\"wp-block-media-text__media\"><img loading=\"lazy\" width=\"1024\" height=\"1024\" src=\"https:\/\/www.domoconzept.de\/wp-content\/uploads\/2025\/03\/Foto-folgt-1024x1024.png\" alt=\"\" class=\"wp-image-1167 size-full\" srcset=\"https:\/\/www.domoconzept.de\/wp-content\/uploads\/2025\/03\/Foto-folgt-1024x1024.png 1024w, https:\/\/www.domoconzept.de\/wp-content\/uploads\/2025\/03\/Foto-folgt-300x300.png 300w, https:\/\/www.domoconzept.de\/wp-content\/uploads\/2025\/03\/Foto-folgt-150x150.png 150w, https:\/\/www.domoconzept.de\/wp-content\/uploads\/2025\/03\/Foto-folgt-768x768.png 768w, https:\/\/www.domoconzept.de\/wp-content\/uploads\/2025\/03\/Foto-folgt-1536x1536.png 1536w, https:\/\/www.domoconzept.de\/wp-content\/uploads\/2025\/03\/Foto-folgt.png 1654w\" sizes=\"(max-width: 1024px) 100vw, 1024px\" \/><\/figure><div class=\"wp-block-media-text__content\">\n<p><strong>Marc\u00a0B\u00f6cker\u00a0<br><\/strong>(Student M.Sc. Bau- und Immobilienmanagement)<br>Mietverwaltung<\/p>\n<\/div><\/div>\n\n\n\n<div class=\"wp-block-media-text alignwide has-media-on-the-right is-stacked-on-mobile\" style=\"grid-template-columns:auto 30%\"><figure class=\"wp-block-media-text__media\"><img loading=\"lazy\" width=\"1024\" height=\"1024\" src=\"http:\/\/www.domoconzept.de\/wp-content\/uploads\/2025\/03\/Foto-folgt-1024x1024.png\" alt=\"\" class=\"wp-image-1167 size-full\" srcset=\"https:\/\/www.domoconzept.de\/wp-content\/uploads\/2025\/03\/Foto-folgt-1024x1024.png 1024w, https:\/\/www.domoconzept.de\/wp-content\/uploads\/2025\/03\/Foto-folgt-300x300.png 300w, https:\/\/www.domoconzept.de\/wp-content\/uploads\/2025\/03\/Foto-folgt-150x150.png 150w, https:\/\/www.domoconzept.de\/wp-content\/uploads\/2025\/03\/Foto-folgt-768x768.png 768w, https:\/\/www.domoconzept.de\/wp-content\/uploads\/2025\/03\/Foto-folgt-1536x1536.png 1536w, https:\/\/www.domoconzept.de\/wp-content\/uploads\/2025\/03\/Foto-folgt.png 1654w\" sizes=\"(max-width: 1024px) 100vw, 1024px\" \/><\/figure><div class=\"wp-block-media-text__content\">\n<p class=\"has-text-align-right\"><strong>Andrea Hoffmann<br><\/strong>Sachbearbeiterin (Justizfachangestellte)<br>Mietverwaltung<\/p>\n<\/div><\/div>\n\n\n\n<div class=\"wp-block-media-text alignwide is-stacked-on-mobile\" style=\"grid-template-columns:30% auto\"><figure class=\"wp-block-media-text__media\"><img loading=\"lazy\" width=\"1024\" height=\"1024\" src=\"http:\/\/www.domoconzept.de\/wp-content\/uploads\/2025\/03\/Foto-folgt-1024x1024.png\" alt=\"\" class=\"wp-image-1167 size-full\" srcset=\"https:\/\/www.domoconzept.de\/wp-content\/uploads\/2025\/03\/Foto-folgt-1024x1024.png 1024w, https:\/\/www.domoconzept.de\/wp-content\/uploads\/2025\/03\/Foto-folgt-300x300.png 300w, https:\/\/www.domoconzept.de\/wp-content\/uploads\/2025\/03\/Foto-folgt-150x150.png 150w, https:\/\/www.domoconzept.de\/wp-content\/uploads\/2025\/03\/Foto-folgt-768x768.png 768w, https:\/\/www.domoconzept.de\/wp-content\/uploads\/2025\/03\/Foto-folgt-1536x1536.png 1536w, https:\/\/www.domoconzept.de\/wp-content\/uploads\/2025\/03\/Foto-folgt.png 1654w\" sizes=\"(max-width: 1024px) 100vw, 1024px\" \/><\/figure><div class=\"wp-block-media-text__content\">\n<p><strong>Maher Khalaf Rasho<br><\/strong>Immobilienkaufmann<br>Mietverwaltung<\/p>\n<\/div><\/div>\n\n\n\n<div class=\"wp-block-media-text alignwide has-media-on-the-right is-stacked-on-mobile\" style=\"grid-template-columns:auto 30%\"><figure class=\"wp-block-media-text__media\"><img loading=\"lazy\" width=\"1024\" height=\"1024\" src=\"http:\/\/www.domoconzept.de\/wp-content\/uploads\/2025\/03\/Foto-folgt-1024x1024.png\" alt=\"\" class=\"wp-image-1167 size-full\" srcset=\"https:\/\/www.domoconzept.de\/wp-content\/uploads\/2025\/03\/Foto-folgt-1024x1024.png 1024w, https:\/\/www.domoconzept.de\/wp-content\/uploads\/2025\/03\/Foto-folgt-300x300.png 300w, https:\/\/www.domoconzept.de\/wp-content\/uploads\/2025\/03\/Foto-folgt-150x150.png 150w, https:\/\/www.domoconzept.de\/wp-content\/uploads\/2025\/03\/Foto-folgt-768x768.png 768w, https:\/\/www.domoconzept.de\/wp-content\/uploads\/2025\/03\/Foto-folgt-1536x1536.png 1536w, https:\/\/www.domoconzept.de\/wp-content\/uploads\/2025\/03\/Foto-folgt.png 1654w\" sizes=\"(max-width: 1024px) 100vw, 1024px\" \/><\/figure><div class=\"wp-block-media-text__content\">\n<p class=\"has-text-align-right\"><strong>Winnie G\u00f6ritz<br><\/strong>Immobilienkauffrau<br>Mietverwaltung<\/p>\n<\/div><\/div>\n\n\n\n<div class=\"wp-block-media-text alignwide is-stacked-on-mobile\" style=\"grid-template-columns:30% auto\"><figure class=\"wp-block-media-text__media\"><img loading=\"lazy\" width=\"1024\" height=\"1024\" src=\"http:\/\/www.domoconzept.de\/wp-content\/uploads\/2025\/03\/Foto-folgt-1024x1024.png\" alt=\"\" class=\"wp-image-1167 size-full\" srcset=\"https:\/\/www.domoconzept.de\/wp-content\/uploads\/2025\/03\/Foto-folgt-1024x1024.png 1024w, https:\/\/www.domoconzept.de\/wp-content\/uploads\/2025\/03\/Foto-folgt-300x300.png 300w, https:\/\/www.domoconzept.de\/wp-content\/uploads\/2025\/03\/Foto-folgt-150x150.png 150w, https:\/\/www.domoconzept.de\/wp-content\/uploads\/2025\/03\/Foto-folgt-768x768.png 768w, https:\/\/www.domoconzept.de\/wp-content\/uploads\/2025\/03\/Foto-folgt-1536x1536.png 1536w, https:\/\/www.domoconzept.de\/wp-content\/uploads\/2025\/03\/Foto-folgt.png 1654w\" sizes=\"(max-width: 1024px) 100vw, 1024px\" \/><\/figure><div class=\"wp-block-media-text__content\">\n<p><strong>Pit van der Gronden<br><\/strong>dualer Student B.Sc. Real Estate Management<br>Mietverwaltung<\/p>\n<\/div><\/div>\n<\/div>\n<\/div>\n","protected":false},"excerpt":{"rendered":"<p>Gesch\u00e4ftsf\u00fchrungMiroslaw WisniewskiKfm. der Grundst\u00fccks- und Wohnungswirtschaft Margarete GruschkaKffr. der Grundst\u00fccks- und WohnungswirtschaftMietverwaltung Julia KouroumichakisImmobilienkauffrauWEG-Verwaltung Michael KnippingKfm. der Grundst\u00fccks- und WohnungswirtschaftWEG-Verwaltung J\u00f6rg KupitzSachbearbeiter (Verwaltungsfachangestellter)WEG-Verwaltung Benjamin Albrecht\u00a0ImmobilienkaufmannNeuvermietung \/ Mietverwaltung Marc\u00a0B\u00f6cker\u00a0(Student M.Sc. Bau- &#8230;<\/p>\n","protected":false},"author":1,"featured_media":107,"parent":80,"menu_order":0,"comment_status":"closed","ping_status":"closed","template":"","meta":[],"_links":{"self":[{"href":"https:\/\/www.domoconzept.de\/index.php?rest_route=\/wp\/v2\/pages\/296"}],"collection":[{"href":"https:\/\/www.domoconzept.de\/index.php?rest_route=\/wp\/v2\/pages"}],"about":[{"href":"https:\/\/www.domoconzept.de\/index.php?rest_route=\/wp\/v2\/types\/page"}],"author":[{"embeddable":true,"href":"https:\/\/www.domoconzept.de\/index.php?rest_route=\/wp\/v2\/users\/1"}],"replies":[{"embeddable":true,"href":"https:\/\/www.domoconzept.de\/index.php?rest_route=%2Fwp%2Fv2%2Fcomments&post=296"}],"version-history":[{"count":134,"href":"https:\/\/www.domoconzept.de\/index.php?rest_route=\/wp\/v2\/pages\/296\/revisions"}],"predecessor-version":[{"id":1169,"href":"https:\/\/www.domoconzept.de\/index.php?rest_route=\/wp\/v2\/pages\/296\/revisions\/1169"}],"up":[{"embeddable":true,"href":"https:\/\/www.domoconzept.de\/index.php?rest_route=\/wp\/v2\/pages\/80"}],"wp:featuredmedia":[{"embeddable":true,"href":"https:\/\/www.domoconzept.de\/index.php?rest_route=\/wp\/v2\/media\/107"}],"wp:attachment":[{"href":"https:\/\/www.domoconzept.de\/index.php?rest_route=%2Fwp%2Fv2%2Fmedia&parent=296"}],"curies":[{"name":"wp","href":"https:\/\/api.w.org\/{rel}","templated":true}]}}